 by 12878.
7
What is the remainder when 4185 is divided by 237?
156
Calculate the remainder when 90825 is divided by 5043.
51
Calculate the remainder when 336386 is divided by 1160.
1146
What is the remainder when 139596 is divided by 138?
78
What is the remainder when 3473 is divided by 114?
53
What is the remainder when 105842 is divided by 35278?
8
What is the remainder when 2865 is divided by 358?
1
What is the remainder when 15603 is divided by 5?
3
Calculate the remainder when 59825 is divided by 177.
176
What is the remainder when 223675 is divided by 14?
11
Calculate the remainder when 26702 is divided by 784.
46
What is the remainder when 23975 is divided by 586?
535
What is the remainder when 9094 is divided by 310?
104
Calculate the remainder when 43988 is divided by 156.
152
Calculate the remainder when 2286 is divided by 275.
86
Calculate the remainder when 4520 is divided by 460.
380
Calculate the remainder when 123297 is divided by 79.
57
What is the remainder when 130377 is divided by 205?
202
Calculate the remainder when 3017539 is divided by 620.
619
Calculate the remainder when 47766 is divided by 23868.
30
What is the remainder when 751 is divided by 143?
36
What is the remainder when 58926 is divided by 29452?
22
Calculate the remainder when 1248748 is divided by 75.
73
Calculate the remainder when 73763 is divided by 141.
20
Calculate the remainder when 3744 is divided by 3715.
29
What is the remainder when 6173 is divided by 1247?
1185
What is the remainder when 89286 is divided by 221?
2
Calculate the remainder when 28997 is divided by 14457.
83
What is the remainder when 153213 is divided by 96?
93
What is the remainder when 6113 is divided by 447?
302
Calculate the remainder when 3135 is divided by 122.
85
Calculate the remainder when 16637 is divided by 165.
137
What is the remainder when 5046 is divided by 453?
63
What is the remainder when 5420 is divided by 1349?
24
What is the remainder when 69517 is divided by 2317?
7
Calculate the remainder when 711 is divided by 244.
223
What is the remainder when 72 is divided by 20?
12
What is the remainder when 53950 is divided by 408?
94
What is the remainder when 1923 is divided by 560?
243
Calculate the remainder when 5355 is divided by 475.
130
What is the remainder when 509032 is divided by 129?
127
Calculate the remainder when 1093115 is divided by 426.
425
Calculate the remainder when 559750 is divided by 45.
40
Calculate the remainder when 3125 is divided by 198.
155
What is the remainder when 13721 is divided by 1523?
14
What is the remainder when 38387 is divided by 42?
41
Calculate the remainder when 382619 is divided by 191282.
55
What is the remainder when 98039 is divided by 5?
4
Calculate the remainder when 267434 is divided by 593.
584
Calculate the remainder when 25486 is divided by 5.
1
Calculate the remainder when 3612193 is divided by 15.
13
Calculate the remainder when 6944 is divided by 1324.
324
Calculate the remainder when 24705 is divided by 3088.
1
What is the remainder when 22497 is divided by 490?
447
Calculate the remainder when 5090 is divided by 644.
582
Calculate the remainder when 184402 is divided by 126.
64
Calculate the remainder when 2895 is divided by 2869.
26
What is the remainder when 5103 is divided by 23?
20
What is the remainder when 587156 is divided by 466?
462
What is the remainder when 156460 is divided by 135?
130
Calculate the remainder when 83628 is divided by 29.
21
Calculate the remainder when 106 is divided by 26.
2
What is the remainder when 35396 is divided by 3890?
386
Calculate the remainder when 18343 is divided by 980.
703
What is the remainder when 122060 is divided by 191?
11
What is the remainder when 467002 is divided by 35?
32
Calculate the remainder when 7686 is divided by 54.
18
What is the remainder when 412142 is divided by 17?
11
What is the remainder when 12161 is divided by 411?
242
Calculate the remainder when 2907 is divided by 124.
55
What is the remainder when 19541 is divided by 25?
16
Calculate the remainder when 5873997 is divided by 132.
129
What is the remainder when 14439 is divided by 152?
151
Calculate the remainder when 965 is divided by 34.
13
What is the remainder when 1107 is divided by 300?
207
Calculate the remainder when 1753081 is divided by 32.
25
What is the remainder when 5642 is divided by 9?
8
What is the remainder when 488722 is divided by 12?
10
Calculate the remainder when 852749 is divided by 239.
236
Calculate the remainder when 7692 is divided by 140.
132
Calculate the remainder when 522 is divided by 66.
60
What is the remainder when 30005 is divided by 143?
118
What is the remainder when 8507 is divided by 93?
44
Calculate the remainder when 12176 is divided by 612.
548
Calculate the remainder when 2155 is divided by 102.
13
Calculate the remainder when 2710 is divided by 927.
856
Calculate the remainder when 1601 is divided by 93.
20
Calculate the remainder when 96829 is divided by 36.
25
Calculate the remainder when 34695 is divided by 8656.
71
Calculate the remainder when 3498 is divided by 94.
20
Calculate the remainder when 6406 is divided by 250.
156
What is the remainder when 16177 is divided by 1284?
769
Calculate the remainder when 434887 is divided by 144958.
13
Calculate the remainder when 263351 is divided by 33.
11
Calculate the remainder when 1433 is divided by 579.
275
Calculate the remainder when 19976 is divided by 384.
8
Calculate the remainder when 9960 is divided by 586.
584
What is the remainder when 1371 is divided by 273?
6
What is the remainder when 1490 is divided by 18?
14
What is the remainder when 282841 is divided by 51?
46
What is the remainder when 23463 is divided by 11?
0
Calculate the remainder when 301857 is divided by 3430.
17
Calculate the remainder when 9995 is divided by 479.
415
Calculate the remainder when 25815 is divided by 1307.
982
What is the remainder when 4047 is divided by 150?
147
Calculate the remainder when 13871 is divided by 25.
21
Calculate the remainder when 175021 is divided by 1144.
1133
What is the remainder when 284780 is divided by 17?
13
Calculate the remainder when 73986 is divided by 540.
6
Calculate the remainder when 51334 is divided by 21.
10
Calculate the remainder when 41596 is divided by 10396.
12
What is the remainder when 1200742 is divided by 162?
160
What is the remainder when 333514 is divided by 37?
33
Calculate the remainder when 75502 is divided by 8388.
10
Calculate the remainder when 12550 is divided by 285.
10
What is the remainder when 7870 is divided by 467?
398
Calculate the remainder when 74227 is divided by 18475.
327
Calculate the remainder when 2330 is divided by 469.
454
What is the remainder when 1213 is divided by 110?
3
What is the remainder when 34606 is divided by 1238?
1180
Calculate the remainder when 16853197 is divided by 1040.
1037
Calculate the remainder when 11250 is divided by 3737.
39
What is the remainder when 18760 is divided by 6226?
82
Calculate the remainder when 305952 is divided by 22.
20
What is the remainder when 12426 is divided by 418?
304
What is the remainder when 7425 is divided by 102?
81
Calculate the remainder when 67319 is divided by 180.
179
Calculate the remainder when 202749 is divided by 66.
63
Calculate the remainder when 20280 is divided by 17.
16
What is the remainder when 154366 is divided by 25725?
16
Calculate the remainder when 270877 is divided by 270868.
9
Calculate the remainder when 8529 is divided by 2486.
1071
What is the remainder when 4975 is divided by 2414?
147
What is the remainder when 653 is divided by 426?
227
Calculate the remainder when 74874 is divided by 1270.
1214
Calculate the remainder when 18388 is divided by 112.
20
Calculate the remainder when 4546 is divided by 1511.
13
What is the remainder when 5221 is divided by 218?
207
What is the remainder when 1876776 is divided by 139?
137
Calculate the remainder when 9037 is divided by 40.
37
What is the remainder when 12259 is divided by 4?
3
Calculate the remainder when 74061 is divided by 25.
11
What is the remainder when 990082 is divided by 1437?
1426
What is the remainder when 74320 is divided by 24733?
121
What is the remainder when 16515 is divided by 135?
45
Cal